igit of 538384974?
3
What is the hundred millions digit of 152035409?
1
What is the ten thousands digit of 5889525?
8
What is the tens digit of 20688629?
2
What is the units digit of 189329616?
6
What is the tens digit of 259982502?
0
What is the ten millions digit of 440793872?
4
What is the millions digit of 593535376?
3
What is the hundred thousands digit of 187229620?
2
What is the millions digit of 77834809?
7
What is the hundred millions digit of 417701955?
4
What is the hundreds digit of 4278958400?
4
What is the ten thousands digit of 1571659851?
5
What is the units digit of 15496599?
9
What is the ten millions digit of 36014734?
3
What is the units digit of 290907497?
7
What is the tens digit of 1888026743?
4
What is the hundred thousands digit of 63509783?
5
What is the ten millions digit of 1918203685?
1
What is the ten millions digit of 46172312?
4
What is the hundred thousands digit of 441010272?
0
What is the hundreds digit of 2857297615?
6
What is the units digit of 7457481198?
8
What is the hundred thousands digit of 114089054?
0
What is the hundreds digit of 1476050664?
6
What is the hundreds digit of 42319212?
2
What is the ten thousands digit of 77666005?
6
What is the hundred millions digit of 103739807?
1
What is the millions digit of 53055844?
3
What is the millions digit of 142943992?
2
What is the hundred thousands digit of 197522709?
5
What is the units digit of 7057147558?
8
What is the tens digit of 43051058?
5
What is the tens digit of 7368881220?
2
What is the thousands digit of 26454414?
4
What is the units digit of 58465200?
0
What is the billions digit of 3398077495?
3
What is the tens digit of 33287984?
8
What is the ten thousands digit of 192111202?
1
What is the millions digit of 433035360?
3
What is the hundreds digit of 2588122331?
3
What is the thousands digit of 135026316?
6
What is the units digit of 24486363?
3
What is the ten thousands digit of 48445175?
4
What is the hundred thousands digit of 581231555?
2
What is the ten millions digit of 1856392998?
5
What is the ten millions digit of 1099855067?
9
What is the hundred thousands digit of 22281434?
2
What is the units digit of 138637293?
3
What is the millions digit of 171404722?
1
What is the hundred millions digit of 130315946?
1
What is the tens digit of 2017364325?
2
What is the ten millions digit of 189005275?
8
What is the tens digit of 780437093?
9
What is the ten millions digit of 4043572700?
4
What is the tens digit of 384921646?
4
What is the hundred millions digit of 2383807904?
3
What is the hundred thousands digit of 295797990?
7
What is the hundreds digit of 391496439?
4
What is the thousands digit of 6509583545?
3
What is the units digit of 2833968614?
4
What is the hundred thousands digit of 4052309353?
3
What is the hundred thousands digit of 21740011?
7
What is the ten millions digit of 410574907?
1
What is the billions digit of 1878153434?
1
What is the ten thousands digit of 85977895?
7
What is the millions digit of 1437483829?
7
What is the tens digit of 163446615?
1
What is the tens digit of 3405848008?
0
What is the hundred thousands digit of 243590594?
5
What is the thousands digit of 432108442?
8
What is the hundreds digit of 67212096?
0
What is the units digit of 245265640?
0
What is the millions digit of 58039380?
8
What is the thousands digit of 77900365?
0
What is the ten millions digit of 1587207735?
8
What is the thousands digit of 146863341?
3
What is the millions digit of 1636615322?
6
What is the hundreds digit of 1232476044?
0
What is the hundreds digit of 21216134?
1
What is the hundreds digit of 108180465?
4
What is the ten millions digit of 100909696?
0
What is the millions digit of 4726813?
4
What is the tens digit of 155821927?
2
What is the units digit of 2728634691?
1
What is the hundred thousands digit of 66883951?
8
What is the units digit of 30084128?
8
What is the ten thousands digit of 124141877?
4
What is the ten thousands digit of 201868225?
6
What is the ten millions digit of 2259814606?
5
What is the units digit of 39599537?
7
What is the hundred thousands digit of 11021898?
0
What is the ten millions digit of 956795567?
5
What is the hundreds digit of 985892063?
0
What is the tens digit of 130458734?
3
What is the hundred thousands digit of 8189240187?
2
What is the hundred thousands digit of 633011261?
0
What is the ten thousands digit of 7338329?
3
What is the hundreds digit of 96101694?
6
What is the ten millions digit of 1066051986?
6
What is the units digit of 96255763?
3
What is the tens digit of 50617359?
5
What is the thousands digit of 2098555387?
5
What is the ten thousands digit of 50519538?
1
What is the tens digit of 710257406?
0
What is the billions digit of 2335678970?
2
What is the ten thousands digit of 47755974?
5
What is the units digit of 374104551?
1
What is the hundred millions digit of 221081891?
2
What is the tens digit of 157234296?
9
What is the hundreds digit of 11035396?
3
What is the hundred millions digit of 349637625?
3
What is the ten millions digit of 448583358?
4
What is the ten millions digit of 1292973353?
9
What is the ten thousands digit of 26434470?
3
What is the thousands digit of 228459134?
9
What is the hundreds digit of 69999248?
2
What is the thousands digit of 66958960?
8
What is the millions digit of 27803533?
7
What is the millions digit of 83788819?
3
What is the hundreds digit of 17366285?
2
What is the hundred thousands digit of 1085537816?
5
What is the hundred millions digit of 3559377082?
5
What is the hundred millions digit of 858907616?
8
What is the hundreds digit of 392148000?
0
What is the hundred thousands digit of 137378687?
3
What is the thousands digit of 622008000?
8
What is the billions digit of 1624963842?
1
What is the ten thousands digit of 31100244?
0
What is the millions digit of 38528067?
8
What is the ten millions digit of 8973823060?
7
What is the ten millions digit of 97596311?
9
What is the hundreds digit of 115552282?
2
What is the units digit of 251396058?
8
What is the tens digit of 229713935?
3
What is the thousands digit of 579122832?
2
What is the hundreds digit of 1999227134?
1
What is the ten thousands digit of 25466013?
6
What is the units digit of 1322799957?
7
What is the thousands digit of 45719132?
9
What is the hundred thousands digit of 80313612?
3
What is the thousands digit of 282369625?
9
What is the units digit of 77657102?
2
What is the hundreds digit of 1083834145?
1
What is the thousands digit of 182692877?
2
What is the millions digit of 208261508?
8
What is the hundred thousands digit of 166940992?
9
What is the units digit of 801020884?
4
What is the hundred millions digit of 1921182342?
9
What is the hundreds digit of 1576050321?
3
What is the thousands digit of 17143167?
3
What is the ten millions digit of 1041934698?
4
What is the units digit of 43825311?
1
What is the ten millions digit of 1421798236?
2
What is the ten thousands digit of 2620169802?
6
What is the ten millions digit of 383684892?
8
What is the millions digit of 263458455?
3
What is the ten thousands digit of 90901768?
0
What is the ten thousands digit of 73337611?
3
What is the thousands digit of 1004370224?
0
What is the millions digit of 6094134808?
4
What is the hundred thousands digit of 102640854?
6
What is the tens digit of 2433954?
5
What is the ten thousands digit of 2747870797?
7
What is the units digit of 17622297?
7
What is the millions digit of 247915714?
7
What is the hundred thousands digit of 39096067?
0
What is the hundred millions digit of 636930035?
6
What is the millions digit of 845780931?
5
What is the ten thousands digit of 2607781810?
8
What is the tens digit of 6268354375?
7
What is the units digit of 15556695?
5
What is the hundreds digit of 29788630?
6
What is the hundreds digit of 149355777?
7
What is the units digit of 54731612?
2
What is the units digit of 167908696?
6
What is the thousands digit of 87553877?
3
What is the hundreds digit of 50910040?
0
What is the hundred thousands digit of 196911356?
9
What is the thousands digit of 246465158?
5
What is the millions digit of 2122621943?
2
What is the tens digit of 2139136966?
6
What is the billions digit of 3360146844?
3
What is the millions digit o